{"id":5368,"date":"2022-05-30T00:25:06","date_gmt":"2022-05-30T06:25:06","guid":{"rendered":"https:\/\/dev.tecdemexico.edu.mx\/?page_id=5368"},"modified":"2022-07-01T20:04:14","modified_gmt":"2022-07-02T02:04:14","slug":"tecnico-en-comercio-internacional","status":"publish","type":"page","link":"https:\/\/tecdemexico.edu.mx\/?page_id=5368","title":{"rendered":"T\u00c9CNICO EN COMERCIO INTERNACIONAL"},"content":{"rendered":"<p>[vc_row type=\u00bbvc_default\u00bb][vc_column css=\u00bb.vc_custom_1498229431694{padding-bottom: 50px !important;}\u00bb]<div id=\"ultimate-heading-34769f346ca830a0\" class=\"uvc-heading ult-adjust-bottom-margin ultimate-heading-34769f346ca830a0 uvc-4590 \" data-hspacer=\"no_spacer\"  data-halign=\"left\" style=\"text-align:left\"><div class=\"uvc-heading-spacer no_spacer\" style=\"top\"><\/div><div class=\"uvc-main-heading ult-responsive\"  data-ultimate-target='.uvc-heading.ultimate-heading-34769f346ca830a0 h2'  data-responsive-json-new='{\"font-size\":\"desktop:26px;\",\"line-height\":\"desktop:32px;\"}' ><h2 style=\"font-weight:bold;margin-bottom:20px;\">BENEFICIOS DEL BACHILLERATO T\u00c9CNICO EN COMERCIO INTERNACIONAL<\/h2><\/div><\/div>[vc_column_text]<\/p>\n<h2><strong><span style=\"color: #ffb536;\">A-RVOE-DG-NMS\/016\/01<\/span><\/strong><\/h2>\n<p class=\"p1\">Carrera l\u00edder en formar T\u00e9cnicos en Comercio Internacional vanguardistas de alta calidad acad\u00e9mica apoyados por las tecnolog\u00edas de la informaci\u00f3n y comunicaci\u00f3n competitivos a nivel nacional e internacional que les permita ingresar a las instituciones de educaci\u00f3n superior y que se adapten f\u00e1cilmente a las necesidades laborales; interactuando con profesionalismo en la actividad del intercambio de bienes y servicios en los mercados internacionales; tomando decisiones dirigiendo proyectos integrando equipos de trabajo modificando y creando nuevos procesos a trav\u00e9s de una filosof\u00eda de servicio honestidad e integridad.<\/p>\n<p>[\/vc_column_text]<div id=\"ultimate-heading-209869f346ca830f7\" class=\"uvc-heading ult-adjust-bottom-margin ultimate-heading-209869f346ca830f7 uvc-1560 \" data-hspacer=\"no_spacer\"  data-halign=\"left\" style=\"text-align:left\"><div class=\"uvc-heading-spacer no_spacer\" style=\"top\"><\/div><div class=\"uvc-main-heading ult-responsive\"  data-ultimate-target='.uvc-heading.ultimate-heading-209869f346ca830f7 h2'  data-responsive-json-new='{\"font-size\":\"desktop:26px;\",\"line-height\":\"desktop:32px;\"}' ><h2 style=\"font-weight:bold;margin-bottom:20px;\">NUESTRA OFERTA<\/h2><\/div><\/div><div class=\"smile_icon_list_wrap ult_info_list_container ult-adjust-bottom-margin   vc_custom_1498230419199\"><ul class=\"smile_icon_list left hexagon\"><li class=\"icon_list_item\" style=\" font-size:60px;\"><div class=\"icon_list_icon\" data-animation=\"\" data-animation-delay=\"03\" style=\"font-size:20px;background:#ffb536;color:#ffffff;border-color:#ffb536;\"><i class=\"fas fa-user-graduate\" ><\/i><\/div><div class=\"icon_description\" id=\"Info-list-wrap-3151\" style=\"font-size:20px;\"><h3 class=\"ult-responsive info-list-heading\"  data-ultimate-target='#Info-list-wrap-3151 h3'  data-responsive-json-new='{\"font-size\":\"desktop:16px;\",\"line-height\":\"desktop:22px;\"}'  style=\"font-family:&#039;Open Sans Condensed&#039;;font-weight:700;\">1. Competencias Profesionales de los Egresados:<\/h3><div class=\"icon_description_text ult-responsive\"  data-ultimate-target='#Info-list-wrap-3151 .icon_description_text'  data-responsive-json-new='{\"font-size\":\"desktop:12px;\",\"line-height\":\"desktop:20px;\"}'  style=\"\"><ul>\n<li class=\"p1\">Aplica estudios y an\u00e1lisis de mercado dom\u00e9stico e internacional para desarrollar programas de mercadeo.<\/li>\n<li class=\"p1\">Aplica aspectos jur\u00eddicos y operativos del comercio exterior de acuerdo a la normatividad vigente en el contexto social.<\/li>\n<li class=\"p1\">Valora la log\u00edstica de tr\u00e1fico internacional seleccionando medios de transporte de acuerdo a la normatividad vigente.<\/li>\n<li class=\"p1\">Eval\u00faa productos financieros de acuerdo a las necesidades de las espec\u00edficas de las PYMES.<\/li>\n<li class=\"p1\">Aplica disposiciones jur\u00eddicas en materia de Contratos Comerciales Internacionales.<\/li>\n<\/ul>\n<\/div><\/div><div class=\"icon_list_connector\"  style=\"border-right-width: 1px;border-right-style: dashed;border-color: #ffb536;\"><\/div><\/li><\/ul><\/div>[vc_empty_space]<div id=\"ultimate-heading-753469f346ca832be\" class=\"uvc-heading ult-adjust-bottom-margin ultimate-heading-753469f346ca832be uvc-9067 \" data-hspacer=\"no_spacer\"  data-halign=\"left\" style=\"text-align:left\"><div class=\"uvc-heading-spacer no_spacer\" style=\"top\"><\/div><div class=\"uvc-main-heading ult-responsive\"  data-ultimate-target='.uvc-heading.ultimate-heading-753469f346ca832be h2'  data-responsive-json-new='{\"font-size\":\"desktop:26px;\",\"line-height\":\"desktop:32px;\"}' ><h2 style=\"font-weight:bold;margin-bottom:20px;\">CONOCE NUESTRO PLAN DE ESTUDIO<\/h2><\/div><\/div><div class=\"standard-number-list bullet-top\"><ul>\n<li><a href=\"https:\/\/tecdemexico.edu.mx\/wp-content\/uploads\/2022\/06\/IPN-TECNICO-COMERCIO-INTENACIONAL.pdf\" target=\"_blank\" rel=\"noopener\">Descarga formato PDF<\/a><\/li>\n<\/ul>\n<\/div>[\/vc_column][\/vc_row]<\/p>\n","protected":false},"excerpt":{"rendered":"<p>[vc_row type=\u00bbvc_default\u00bb][vc_column css=\u00bb.vc_custom_1498229431694{padding-bottom: 50px !important;}\u00bb][vc_column_text] A-RVOE-DG-NMS\/016\/01 Carrera l\u00edder en formar T\u00e9cnicos en Comercio Internacional vanguardistas de alta calidad acad\u00e9mica apoyados por las tecnolog\u00edas de la informaci\u00f3n y comunicaci\u00f3n competitivos a nivel nacional e internacional que les permita ingresar a las instituciones de educaci\u00f3n superior y que se adapten f\u00e1cilmente a las necesidades laborales; interactuando con&hellip;<\/p>\n","protected":false},"author":1,"featured_media":0,"parent":0,"menu_order":100,"comment_status":"closed","ping_status":"closed","template":"","meta":{"om_disable_all_campaigns":false,"_monsterinsights_skip_tracking":false,"_monsterinsights_sitenote_active":false,"_monsterinsights_sitenote_note":"","_monsterinsights_sitenote_category":0,"footnotes":""},"class_list":["post-5368","page","type-page","status-publish","hentry","description-off"],"yoast_head":"<!-- This site is optimized with the Yoast SEO plugin v19.1 - https:\/\/yoast.com\/wordpress\/plugins\/seo\/ -->\n<title>T\u00c9CNICO EN COMERCIO INTERNACIONAL - Tec de Mexico<\/title>\n<meta name=\"robots\" content=\"index, follow, max-snippet:-1, max-image-preview:large, max-video-preview:-1\" \/>\n<link rel=\"canonical\" href=\"https:\/\/tecdemexico.edu.mx\/?page_id=5368\" \/>\n<meta property=\"og:locale\" content=\"es_ES\" \/>\n<meta property=\"og:type\" content=\"article\" \/>\n<meta property=\"og:title\" content=\"T\u00c9CNICO EN COMERCIO INTERNACIONAL - Tec de Mexico\" \/>\n<meta property=\"og:description\" content=\"[vc_row type=\u00bbvc_default\u00bb][vc_column css=\u00bb.vc_custom_1498229431694{padding-bottom: 50px !important;}\u00bb][vc_column_text] A-RVOE-DG-NMS\/016\/01 Carrera l\u00edder en formar T\u00e9cnicos en Comercio Internacional vanguardistas de alta calidad acad\u00e9mica apoyados por las tecnolog\u00edas de la informaci\u00f3n y comunicaci\u00f3n competitivos a nivel nacional e internacional que les permita ingresar a las instituciones de educaci\u00f3n superior y que se adapten f\u00e1cilmente a las necesidades laborales; interactuando con&hellip;\" \/>\n<meta property=\"og:url\" content=\"https:\/\/tecdemexico.edu.mx\/?page_id=5368\" \/>\n<meta property=\"og:site_name\" content=\"Tec de Mexico\" \/>\n<meta property=\"article:modified_time\" content=\"2022-07-02T02:04:14+00:00\" \/>\n<meta name=\"twitter:card\" content=\"summary_large_image\" \/>\n<meta name=\"twitter:label1\" content=\"Tiempo de lectura\" \/>\n\t<meta name=\"twitter:data1\" content=\"2 minutos\" \/>\n<script type=\"application\/ld+json\" class=\"yoast-schema-graph\">{\"@context\":\"https:\/\/schema.org\",\"@graph\":[{\"@type\":\"WebSite\",\"@id\":\"https:\/\/tecdemexico.edu.mx\/#website\",\"url\":\"https:\/\/tecdemexico.edu.mx\/\",\"name\":\"Tec de Mexico\",\"description\":\"Colegio Tecnol\u00f3gico de M\u00e9xico\",\"potentialAction\":[{\"@type\":\"SearchAction\",\"target\":{\"@type\":\"EntryPoint\",\"urlTemplate\":\"https:\/\/tecdemexico.edu.mx\/?s={search_term_string}\"},\"query-input\":\"required name=search_term_string\"}],\"inLanguage\":\"es\"},{\"@type\":\"WebPage\",\"@id\":\"https:\/\/tecdemexico.edu.mx\/?page_id=5368#webpage\",\"url\":\"https:\/\/tecdemexico.edu.mx\/?page_id=5368\",\"name\":\"T\u00c9CNICO EN COMERCIO INTERNACIONAL - Tec de Mexico\",\"isPartOf\":{\"@id\":\"https:\/\/tecdemexico.edu.mx\/#website\"},\"datePublished\":\"2022-05-30T06:25:06+00:00\",\"dateModified\":\"2022-07-02T02:04:14+00:00\",\"breadcrumb\":{\"@id\":\"https:\/\/tecdemexico.edu.mx\/?page_id=5368#breadcrumb\"},\"inLanguage\":\"es\",\"potentialAction\":[{\"@type\":\"ReadAction\",\"target\":[\"https:\/\/tecdemexico.edu.mx\/?page_id=5368\"]}]},{\"@type\":\"BreadcrumbList\",\"@id\":\"https:\/\/tecdemexico.edu.mx\/?page_id=5368#breadcrumb\",\"itemListElement\":[{\"@type\":\"ListItem\",\"position\":1,\"name\":\"Portada\",\"item\":\"https:\/\/tecdemexico.edu.mx\/\"},{\"@type\":\"ListItem\",\"position\":2,\"name\":\"T\u00c9CNICO EN COMERCIO INTERNACIONAL\"}]}]}<\/script>\n<!-- \/ Yoast SEO plugin. -->","yoast_head_json":{"title":"T\u00c9CNICO EN COMERCIO INTERNACIONAL - Tec de Mexico","robots":{"index":"index","follow":"follow","max-snippet":"max-snippet:-1","max-image-preview":"max-image-preview:large","max-video-preview":"max-video-preview:-1"},"canonical":"https:\/\/tecdemexico.edu.mx\/?page_id=5368","og_locale":"es_ES","og_type":"article","og_title":"T\u00c9CNICO EN COMERCIO INTERNACIONAL - Tec de Mexico","og_description":"[vc_row type=\u00bbvc_default\u00bb][vc_column css=\u00bb.vc_custom_1498229431694{padding-bottom: 50px !important;}\u00bb][vc_column_text] A-RVOE-DG-NMS\/016\/01 Carrera l\u00edder en formar T\u00e9cnicos en Comercio Internacional vanguardistas de alta calidad acad\u00e9mica apoyados por las tecnolog\u00edas de la informaci\u00f3n y comunicaci\u00f3n competitivos a nivel nacional e internacional que les permita ingresar a las instituciones de educaci\u00f3n superior y que se adapten f\u00e1cilmente a las necesidades laborales; interactuando con&hellip;","og_url":"https:\/\/tecdemexico.edu.mx\/?page_id=5368","og_site_name":"Tec de Mexico","article_modified_time":"2022-07-02T02:04:14+00:00","twitter_card":"summary_large_image","twitter_misc":{"Tiempo de lectura":"2 minutos"},"schema":{"@context":"https:\/\/schema.org","@graph":[{"@type":"WebSite","@id":"https:\/\/tecdemexico.edu.mx\/#website","url":"https:\/\/tecdemexico.edu.mx\/","name":"Tec de Mexico","description":"Colegio Tecnol\u00f3gico de M\u00e9xico","potentialAction":[{"@type":"SearchAction","target":{"@type":"EntryPoint","urlTemplate":"https:\/\/tecdemexico.edu.mx\/?s={search_term_string}"},"query-input":"required name=search_term_string"}],"inLanguage":"es"},{"@type":"WebPage","@id":"https:\/\/tecdemexico.edu.mx\/?page_id=5368#webpage","url":"https:\/\/tecdemexico.edu.mx\/?page_id=5368","name":"T\u00c9CNICO EN COMERCIO INTERNACIONAL - Tec de Mexico","isPartOf":{"@id":"https:\/\/tecdemexico.edu.mx\/#website"},"datePublished":"2022-05-30T06:25:06+00:00","dateModified":"2022-07-02T02:04:14+00:00","breadcrumb":{"@id":"https:\/\/tecdemexico.edu.mx\/?page_id=5368#breadcrumb"},"inLanguage":"es","potentialAction":[{"@type":"ReadAction","target":["https:\/\/tecdemexico.edu.mx\/?page_id=5368"]}]},{"@type":"BreadcrumbList","@id":"https:\/\/tecdemexico.edu.mx\/?page_id=5368#breadcrumb","itemListElement":[{"@type":"ListItem","position":1,"name":"Portada","item":"https:\/\/tecdemexico.edu.mx\/"},{"@type":"ListItem","position":2,"name":"T\u00c9CNICO EN COMERCIO INTERNACIONAL"}]}]}},"_links":{"self":[{"href":"https:\/\/tecdemexico.edu.mx\/index.php?rest_route=\/wp\/v2\/pages\/5368","targetHints":{"allow":["GET"]}}],"collection":[{"href":"https:\/\/tecdemexico.edu.mx\/index.php?rest_route=\/wp\/v2\/pages"}],"about":[{"href":"https:\/\/tecdemexico.edu.mx\/index.php?rest_route=\/wp\/v2\/types\/page"}],"author":[{"embeddable":true,"href":"https:\/\/tecdemexico.edu.mx\/index.php?rest_route=\/wp\/v2\/users\/1"}],"replies":[{"embeddable":true,"href":"https:\/\/tecdemexico.edu.mx\/index.php?rest_route=%2Fwp%2Fv2%2Fcomments&post=5368"}],"version-history":[{"count":9,"href":"https:\/\/tecdemexico.edu.mx\/index.php?rest_route=\/wp\/v2\/pages\/5368\/revisions"}],"predecessor-version":[{"id":6141,"href":"https:\/\/tecdemexico.edu.mx\/index.php?rest_route=\/wp\/v2\/pages\/5368\/revisions\/6141"}],"wp:attachment":[{"href":"https:\/\/tecdemexico.edu.mx\/index.php?rest_route=%2Fwp%2Fv2%2Fmedia&parent=5368"}],"curies":[{"name":"wp","href":"https:\/\/api.w.org\/{rel}","templated":true}]}}