{"id":5622,"date":"2022-05-31T17:40:53","date_gmt":"2022-05-31T23:40:53","guid":{"rendered":"https:\/\/dev.tecdemexico.edu.mx\/?page_id=5622"},"modified":"2022-06-08T11:39:02","modified_gmt":"2022-06-08T17:39:02","slug":"ccm","status":"publish","type":"page","link":"https:\/\/tecdemexico.edu.mx\/?page_id=5622","title":{"rendered":"CCM"},"content":{"rendered":"<p>[vc_row type=\u00bbvc_default\u00bb][vc_column css=\u00bb.vc_custom_1498229431694{padding-bottom: 50px !important;}\u00bb]<div id=\"ultimate-heading-183669f5837150af5\" class=\"uvc-heading ult-adjust-bottom-margin ultimate-heading-183669f5837150af5 uvc-3975 \" data-hspacer=\"no_spacer\"  data-halign=\"left\" style=\"text-align:left\"><div class=\"uvc-heading-spacer no_spacer\" style=\"top\"><\/div><div class=\"uvc-main-heading ult-responsive\"  data-ultimate-target='.uvc-heading.ultimate-heading-183669f5837150af5 h2'  data-responsive-json-new='{\"font-size\":\"desktop:26px;\",\"line-height\":\"desktop:32px;\"}' ><h2 style=\"font-weight:bold;margin-bottom:20px;\">\u00a1TENEMOS UNA OFERTA EXCLUSIVA PARA TI!<\/h2><\/div><\/div>[vc_column_text]<\/p>\n<h3 class=\"p1\">COLEGIO DE CIENCIAS MATEM\u00c1TICAS.<\/h3>\n<p class=\"p1\">El Colegio de Ciencias Matem\u00e1ticas es una instituci\u00f3n con m\u00e1s de 20 a\u00f1os de experiencia, ha creado cursos con planes de estudios definidos y formales que capacitan plenamente al estudiante, d\u00e1ndole la oportunidad de desarrollarse mediante los siguientes servicios: Cursos especiales para presentar ex\u00e1menes de admisi\u00f3n a:<\/p>\n<ul>\n<li>UNAM<\/li>\n<li>POLIT\u00c9CNICO<\/li>\n<li>COMIPEMS<\/li>\n<li>CENEVAL<\/li>\n<li>REGULARIZACI\u00d3N DE MATERIAS<\/li>\n<li>BACHILLERATO POR EXPERIENCIA LABORAL<\/li>\n<\/ul>\n<h3><\/h3>\n<p>&nbsp;<\/p>\n<h3 class=\"p1\">\u00bfQU\u00c9 TE OFRECE EL COLEGIO DE CIENCIAS MATEM\u00c1TICAS?<\/h3>\n<p>Un curso de preparaci\u00f3n que tiene como finalidad proporcionar los elementos necesarios para que el estudiante realice su examen de ingreso a nivel medio superior y superior.<\/p>\n<p>&nbsp;<\/p>\n<h3>\u00bfCU\u00c1L ES SU DURACI\u00d3N Y HORARIOS DE LOS CURSOS?<\/h3>\n<p>Seg\u00fan los planes de estudio correspondientes, los cursos comprenden en los d\u00edas y horarios establecidos programados de, 100, 120 y 200 horas de clase, en horarios:<\/p>\n<ul>\n<li>Lunes a Viernes de 8:00 a 12:00 a.m. \u00f3 de 17:00 a 20:00 hrs.<\/li>\n<li>Fines de semana de 9:00 a 2:00 pm.<\/li>\n<\/ul>\n<p>[\/vc_column_text][vc_separator border_width=\u00bb2&#8243;][vc_column_text]<\/p>\n<h3>CURSOS DE INGRESO COMIPEMS.<\/h3>\n<p><strong><a href=\"https:\/\/ccm.edu.mx\/cursos\" target=\"_blank\" rel=\"noopener\">Ir al sitio Oficial<\/a><\/strong>[\/vc_column_text][vc_separator border_width=\u00bb2&#8243;][vc_column_text]<\/p>\n<h3>CURSOS DE INGRESO IPN \/ UNAM.<\/h3>\n<p><strong><a href=\"https:\/\/ccm.edu.mx\/cursos\" target=\"_blank\" rel=\"noopener\">Ir al sitio Oficial<\/a><\/strong>[\/vc_column_text][vc_empty_space][\/vc_column][\/vc_row]<\/p>\n","protected":false},"excerpt":{"rendered":"<p>[vc_row type=\u00bbvc_default\u00bb][vc_column css=\u00bb.vc_custom_1498229431694{padding-bottom: 50px !important;}\u00bb][vc_column_text] COLEGIO DE CIENCIAS MATEM\u00c1TICAS. El Colegio de Ciencias Matem\u00e1ticas es una instituci\u00f3n con m\u00e1s de 20 a\u00f1os de experiencia, ha creado cursos con planes de estudios definidos y formales que capacitan plenamente al estudiante, d\u00e1ndole la oportunidad de desarrollarse mediante los siguientes servicios: Cursos especiales para presentar ex\u00e1menes de admisi\u00f3n&hellip;<\/p>\n","protected":false},"author":1,"featured_media":0,"parent":0,"menu_order":100,"comment_status":"closed","ping_status":"closed","template":"","meta":{"om_disable_all_campaigns":false,"_monsterinsights_skip_tracking":false,"_monsterinsights_sitenote_active":false,"_monsterinsights_sitenote_note":"","_monsterinsights_sitenote_category":0,"footnotes":""},"class_list":["post-5622","page","type-page","status-publish","hentry","description-off"],"yoast_head":"<!-- This site is optimized with the Yoast SEO plugin v19.1 - https:\/\/yoast.com\/wordpress\/plugins\/seo\/ -->\n<title>CCM - Tec de Mexico<\/title>\n<meta name=\"robots\" content=\"index, follow, max-snippet:-1, max-image-preview:large, max-video-preview:-1\" \/>\n<link rel=\"canonical\" href=\"https:\/\/tecdemexico.edu.mx\/?page_id=5622\" \/>\n<meta property=\"og:locale\" content=\"es_ES\" \/>\n<meta property=\"og:type\" content=\"article\" \/>\n<meta property=\"og:title\" content=\"CCM - Tec de Mexico\" \/>\n<meta property=\"og:description\" content=\"[vc_row type=\u00bbvc_default\u00bb][vc_column css=\u00bb.vc_custom_1498229431694{padding-bottom: 50px !important;}\u00bb][vc_column_text] COLEGIO DE CIENCIAS MATEM\u00c1TICAS. El Colegio de Ciencias Matem\u00e1ticas es una instituci\u00f3n con m\u00e1s de 20 a\u00f1os de experiencia, ha creado cursos con planes de estudios definidos y formales que capacitan plenamente al estudiante, d\u00e1ndole la oportunidad de desarrollarse mediante los siguientes servicios: Cursos especiales para presentar ex\u00e1menes de admisi\u00f3n&hellip;\" \/>\n<meta property=\"og:url\" content=\"https:\/\/tecdemexico.edu.mx\/?page_id=5622\" \/>\n<meta property=\"og:site_name\" content=\"Tec de Mexico\" \/>\n<meta property=\"article:modified_time\" content=\"2022-06-08T17:39:02+00:00\" \/>\n<meta name=\"twitter:card\" content=\"summary_large_image\" \/>\n<meta name=\"twitter:label1\" content=\"Tiempo de lectura\" \/>\n\t<meta name=\"twitter:data1\" content=\"1 minuto\" \/>\n<script type=\"application\/ld+json\" class=\"yoast-schema-graph\">{\"@context\":\"https:\/\/schema.org\",\"@graph\":[{\"@type\":\"WebSite\",\"@id\":\"https:\/\/tecdemexico.edu.mx\/#website\",\"url\":\"https:\/\/tecdemexico.edu.mx\/\",\"name\":\"Tec de Mexico\",\"description\":\"Colegio Tecnol\u00f3gico de M\u00e9xico\",\"potentialAction\":[{\"@type\":\"SearchAction\",\"target\":{\"@type\":\"EntryPoint\",\"urlTemplate\":\"https:\/\/tecdemexico.edu.mx\/?s={search_term_string}\"},\"query-input\":\"required name=search_term_string\"}],\"inLanguage\":\"es\"},{\"@type\":\"WebPage\",\"@id\":\"https:\/\/tecdemexico.edu.mx\/?page_id=5622#webpage\",\"url\":\"https:\/\/tecdemexico.edu.mx\/?page_id=5622\",\"name\":\"CCM - Tec de Mexico\",\"isPartOf\":{\"@id\":\"https:\/\/tecdemexico.edu.mx\/#website\"},\"datePublished\":\"2022-05-31T23:40:53+00:00\",\"dateModified\":\"2022-06-08T17:39:02+00:00\",\"breadcrumb\":{\"@id\":\"https:\/\/tecdemexico.edu.mx\/?page_id=5622#breadcrumb\"},\"inLanguage\":\"es\",\"potentialAction\":[{\"@type\":\"ReadAction\",\"target\":[\"https:\/\/tecdemexico.edu.mx\/?page_id=5622\"]}]},{\"@type\":\"BreadcrumbList\",\"@id\":\"https:\/\/tecdemexico.edu.mx\/?page_id=5622#breadcrumb\",\"itemListElement\":[{\"@type\":\"ListItem\",\"position\":1,\"name\":\"Portada\",\"item\":\"https:\/\/tecdemexico.edu.mx\/\"},{\"@type\":\"ListItem\",\"position\":2,\"name\":\"CCM\"}]}]}<\/script>\n<!-- \/ Yoast SEO plugin. -->","yoast_head_json":{"title":"CCM - Tec de Mexico","robots":{"index":"index","follow":"follow","max-snippet":"max-snippet:-1","max-image-preview":"max-image-preview:large","max-video-preview":"max-video-preview:-1"},"canonical":"https:\/\/tecdemexico.edu.mx\/?page_id=5622","og_locale":"es_ES","og_type":"article","og_title":"CCM - Tec de Mexico","og_description":"[vc_row type=\u00bbvc_default\u00bb][vc_column css=\u00bb.vc_custom_1498229431694{padding-bottom: 50px !important;}\u00bb][vc_column_text] COLEGIO DE CIENCIAS MATEM\u00c1TICAS. El Colegio de Ciencias Matem\u00e1ticas es una instituci\u00f3n con m\u00e1s de 20 a\u00f1os de experiencia, ha creado cursos con planes de estudios definidos y formales que capacitan plenamente al estudiante, d\u00e1ndole la oportunidad de desarrollarse mediante los siguientes servicios: Cursos especiales para presentar ex\u00e1menes de admisi\u00f3n&hellip;","og_url":"https:\/\/tecdemexico.edu.mx\/?page_id=5622","og_site_name":"Tec de Mexico","article_modified_time":"2022-06-08T17:39:02+00:00","twitter_card":"summary_large_image","twitter_misc":{"Tiempo de lectura":"1 minuto"},"schema":{"@context":"https:\/\/schema.org","@graph":[{"@type":"WebSite","@id":"https:\/\/tecdemexico.edu.mx\/#website","url":"https:\/\/tecdemexico.edu.mx\/","name":"Tec de Mexico","description":"Colegio Tecnol\u00f3gico de M\u00e9xico","potentialAction":[{"@type":"SearchAction","target":{"@type":"EntryPoint","urlTemplate":"https:\/\/tecdemexico.edu.mx\/?s={search_term_string}"},"query-input":"required name=search_term_string"}],"inLanguage":"es"},{"@type":"WebPage","@id":"https:\/\/tecdemexico.edu.mx\/?page_id=5622#webpage","url":"https:\/\/tecdemexico.edu.mx\/?page_id=5622","name":"CCM - Tec de Mexico","isPartOf":{"@id":"https:\/\/tecdemexico.edu.mx\/#website"},"datePublished":"2022-05-31T23:40:53+00:00","dateModified":"2022-06-08T17:39:02+00:00","breadcrumb":{"@id":"https:\/\/tecdemexico.edu.mx\/?page_id=5622#breadcrumb"},"inLanguage":"es","potentialAction":[{"@type":"ReadAction","target":["https:\/\/tecdemexico.edu.mx\/?page_id=5622"]}]},{"@type":"BreadcrumbList","@id":"https:\/\/tecdemexico.edu.mx\/?page_id=5622#breadcrumb","itemListElement":[{"@type":"ListItem","position":1,"name":"Portada","item":"https:\/\/tecdemexico.edu.mx\/"},{"@type":"ListItem","position":2,"name":"CCM"}]}]}},"_links":{"self":[{"href":"https:\/\/tecdemexico.edu.mx\/index.php?rest_route=\/wp\/v2\/pages\/5622","targetHints":{"allow":["GET"]}}],"collection":[{"href":"https:\/\/tecdemexico.edu.mx\/index.php?rest_route=\/wp\/v2\/pages"}],"about":[{"href":"https:\/\/tecdemexico.edu.mx\/index.php?rest_route=\/wp\/v2\/types\/page"}],"author":[{"embeddable":true,"href":"https:\/\/tecdemexico.edu.mx\/index.php?rest_route=\/wp\/v2\/users\/1"}],"replies":[{"embeddable":true,"href":"https:\/\/tecdemexico.edu.mx\/index.php?rest_route=%2Fwp%2Fv2%2Fcomments&post=5622"}],"version-history":[{"count":11,"href":"https:\/\/tecdemexico.edu.mx\/index.php?rest_route=\/wp\/v2\/pages\/5622\/revisions"}],"predecessor-version":[{"id":6020,"href":"https:\/\/tecdemexico.edu.mx\/index.php?rest_route=\/wp\/v2\/pages\/5622\/revisions\/6020"}],"wp:attachment":[{"href":"https:\/\/tecdemexico.edu.mx\/index.php?rest_route=%2Fwp%2Fv2%2Fmedia&parent=5622"}],"curies":[{"name":"wp","href":"https:\/\/api.w.org\/{rel}","templated":true}]}}