{"id":5624,"date":"2022-05-31T17:50:08","date_gmt":"2022-05-31T23:50:08","guid":{"rendered":"https:\/\/dev.tecdemexico.edu.mx\/?page_id=5624"},"modified":"2022-06-07T22:49:27","modified_gmt":"2022-06-08T04:49:27","slug":"ideci","status":"publish","type":"page","link":"https:\/\/tecdemexico.edu.mx\/?page_id=5624","title":{"rendered":"IDECI"},"content":{"rendered":"<p>[vc_row type=\u00bbvc_default\u00bb][vc_column css=\u00bb.vc_custom_1498229431694{padding-bottom: 50px !important;}\u00bb]<div id=\"ultimate-heading-511369fde5afd4fc0\" class=\"uvc-heading ult-adjust-bottom-margin ultimate-heading-511369fde5afd4fc0 uvc-2036 \" data-hspacer=\"no_spacer\"  data-halign=\"left\" style=\"text-align:left\"><div class=\"uvc-heading-spacer no_spacer\" style=\"top\"><\/div><div class=\"uvc-main-heading ult-responsive\"  data-ultimate-target='.uvc-heading.ultimate-heading-511369fde5afd4fc0 h2'  data-responsive-json-new='{\"font-size\":\"desktop:26px;\",\"line-height\":\"desktop:32px;\"}' ><h2 style=\"font-weight:bold;margin-bottom:20px;\">CENTRO EJECUTIVO PARA LA PROFESIONALIZACI\u00d3N<\/h2><\/div><\/div>[vc_column_text]<\/p>\n<h3 class=\"p1\">Cursos.<\/h3>\n<div>\n<div>\n<p>Los cursos de capacitaci\u00f3n tienen que ver con la pr\u00e1ctica que debe desempe\u00f1ar cada trabajador en su funci\u00f3n correspondiente, se enfocan en desarrollar las competencias necesarias para hacer que los colaboradores hagan lo correcto para obtener el resultado buscado y establecido por su empresa.<\/p>\n<\/div>\n<\/div>\n<p>Los Cursos de Capacitaci\u00f3n est\u00e1n dise\u00f1ados con un enfoque de desarrollo de competencias considerando: Conocimientos, Habilidades y Actitudes, que son parte fundamental para el buen funcionamiento del personal.<\/p>\n<p><strong><a href=\"http:\/\/centroejecutivoideci.com\/cursos\/\" target=\"_blank\" rel=\"noopener\">Ver El Sitio Oficial.<\/a><\/strong>[\/vc_column_text][vc_separator border_width=\u00bb2&#8243;][vc_column_text]<\/p>\n<h3 class=\"p1\">Diplomados.<\/h3>\n<div>\n<div>\n<p>Los cursos de capacitaci\u00f3n tienen que ver con la pr\u00e1ctica que debe desempe\u00f1ar cada trabajador en su funci\u00f3n correspondiente, se enfocan en desarrollar las competencias necesarias para hacer que los colaboradores hagan lo correcto para obtener el resultado buscado y establecido por su empresa.<\/p>\n<\/div>\n<\/div>\n<p>Los Cursos de Capacitaci\u00f3n est\u00e1n dise\u00f1ados con un enfoque de desarrollo de competencias considerando: Conocimientos, Habilidades y Actitudes, que son parte fundamental para el buen funcionamiento del personal.<\/p>\n<p><strong><a href=\"http:\/\/centroejecutivoideci.com\/diplomados\/\" target=\"_blank\" rel=\"noopener\">Ver El Sitio Oficial.<\/a><\/strong>[\/vc_column_text][vc_separator border_width=\u00bb2&#8243;][vc_column_text]<\/p>\n<h3 class=\"p1\">Talleres.<\/h3>\n<div>\n<div>\n<p>Los Talleres se imparten en una modalidad de ense\u00f1anza-aprendizaje caracterizada por la interrelaci\u00f3n entre la teor\u00eda y la pr\u00e1ctica, en donde el instructor expone los fundamentos te\u00f3ricos y pr\u00e1cticos, que sirven de base para que los alumnos realicen actividades dise\u00f1adas previamente y que los conducen a desarrollar su comprensi\u00f3n de los temas al vincularlos con la pr\u00e1ctica operante. Bajo el enfoque actual de competencias, es considerado superior a los cursos puramente te\u00f3ricos, ya que el curso-taller presenta el ambiente id\u00f3neo para el v\u00ednculo entre la conceptualizaci\u00f3n y la implementaci\u00f3n, en donde el instructor permite la autonom\u00eda de los estudiantes bajo una continua supervisi\u00f3n y oportuna retroalimentaci\u00f3n.<\/p>\n<\/div>\n<\/div>\n<p><strong><a href=\"http:\/\/centroejecutivoideci.com\/diplomados\/\" target=\"_blank\" rel=\"noopener\">Ver El Sitio Oficial.<\/a><\/strong>[\/vc_column_text][vc_empty_space][\/vc_column][\/vc_row]<\/p>\n","protected":false},"excerpt":{"rendered":"<p>[vc_row type=\u00bbvc_default\u00bb][vc_column css=\u00bb.vc_custom_1498229431694{padding-bottom: 50px !important;}\u00bb][vc_column_text] Cursos. Los cursos de capacitaci\u00f3n tienen que ver con la pr\u00e1ctica que debe desempe\u00f1ar cada trabajador en su funci\u00f3n correspondiente, se enfocan en desarrollar las competencias necesarias para hacer que los colaboradores hagan lo correcto para obtener el resultado buscado y establecido por su empresa. Los Cursos de Capacitaci\u00f3n est\u00e1n&hellip;<\/p>\n","protected":false},"author":1,"featured_media":0,"parent":0,"menu_order":100,"comment_status":"closed","ping_status":"closed","template":"","meta":{"om_disable_all_campaigns":false,"_monsterinsights_skip_tracking":false,"_monsterinsights_sitenote_active":false,"_monsterinsights_sitenote_note":"","_monsterinsights_sitenote_category":0,"footnotes":""},"class_list":["post-5624","page","type-page","status-publish","hentry","description-off"],"yoast_head":"<!-- This site is optimized with the Yoast SEO plugin v19.1 - https:\/\/yoast.com\/wordpress\/plugins\/seo\/ -->\n<title>IDECI - Tec de Mexico<\/title>\n<meta name=\"robots\" content=\"index, follow, max-snippet:-1, max-image-preview:large, max-video-preview:-1\" \/>\n<link rel=\"canonical\" href=\"https:\/\/tecdemexico.edu.mx\/?page_id=5624\" \/>\n<meta property=\"og:locale\" content=\"es_ES\" \/>\n<meta property=\"og:type\" content=\"article\" \/>\n<meta property=\"og:title\" content=\"IDECI - Tec de Mexico\" \/>\n<meta property=\"og:description\" content=\"[vc_row type=\u00bbvc_default\u00bb][vc_column css=\u00bb.vc_custom_1498229431694{padding-bottom: 50px !important;}\u00bb][vc_column_text] Cursos. Los cursos de capacitaci\u00f3n tienen que ver con la pr\u00e1ctica que debe desempe\u00f1ar cada trabajador en su funci\u00f3n correspondiente, se enfocan en desarrollar las competencias necesarias para hacer que los colaboradores hagan lo correcto para obtener el resultado buscado y establecido por su empresa. Los Cursos de Capacitaci\u00f3n est\u00e1n&hellip;\" \/>\n<meta property=\"og:url\" content=\"https:\/\/tecdemexico.edu.mx\/?page_id=5624\" \/>\n<meta property=\"og:site_name\" content=\"Tec de Mexico\" \/>\n<meta property=\"article:modified_time\" content=\"2022-06-08T04:49:27+00:00\" \/>\n<meta name=\"twitter:card\" content=\"summary_large_image\" \/>\n<meta name=\"twitter:label1\" content=\"Tiempo de lectura\" \/>\n\t<meta name=\"twitter:data1\" content=\"2 minutos\" \/>\n<script type=\"application\/ld+json\" class=\"yoast-schema-graph\">{\"@context\":\"https:\/\/schema.org\",\"@graph\":[{\"@type\":\"WebSite\",\"@id\":\"https:\/\/tecdemexico.edu.mx\/#website\",\"url\":\"https:\/\/tecdemexico.edu.mx\/\",\"name\":\"Tec de Mexico\",\"description\":\"Colegio Tecnol\u00f3gico de M\u00e9xico\",\"potentialAction\":[{\"@type\":\"SearchAction\",\"target\":{\"@type\":\"EntryPoint\",\"urlTemplate\":\"https:\/\/tecdemexico.edu.mx\/?s={search_term_string}\"},\"query-input\":\"required name=search_term_string\"}],\"inLanguage\":\"es\"},{\"@type\":\"WebPage\",\"@id\":\"https:\/\/tecdemexico.edu.mx\/?page_id=5624#webpage\",\"url\":\"https:\/\/tecdemexico.edu.mx\/?page_id=5624\",\"name\":\"IDECI - Tec de Mexico\",\"isPartOf\":{\"@id\":\"https:\/\/tecdemexico.edu.mx\/#website\"},\"datePublished\":\"2022-05-31T23:50:08+00:00\",\"dateModified\":\"2022-06-08T04:49:27+00:00\",\"breadcrumb\":{\"@id\":\"https:\/\/tecdemexico.edu.mx\/?page_id=5624#breadcrumb\"},\"inLanguage\":\"es\",\"potentialAction\":[{\"@type\":\"ReadAction\",\"target\":[\"https:\/\/tecdemexico.edu.mx\/?page_id=5624\"]}]},{\"@type\":\"BreadcrumbList\",\"@id\":\"https:\/\/tecdemexico.edu.mx\/?page_id=5624#breadcrumb\",\"itemListElement\":[{\"@type\":\"ListItem\",\"position\":1,\"name\":\"Portada\",\"item\":\"https:\/\/tecdemexico.edu.mx\/\"},{\"@type\":\"ListItem\",\"position\":2,\"name\":\"IDECI\"}]}]}<\/script>\n<!-- \/ Yoast SEO plugin. -->","yoast_head_json":{"title":"IDECI - Tec de Mexico","robots":{"index":"index","follow":"follow","max-snippet":"max-snippet:-1","max-image-preview":"max-image-preview:large","max-video-preview":"max-video-preview:-1"},"canonical":"https:\/\/tecdemexico.edu.mx\/?page_id=5624","og_locale":"es_ES","og_type":"article","og_title":"IDECI - Tec de Mexico","og_description":"[vc_row type=\u00bbvc_default\u00bb][vc_column css=\u00bb.vc_custom_1498229431694{padding-bottom: 50px !important;}\u00bb][vc_column_text] Cursos. Los cursos de capacitaci\u00f3n tienen que ver con la pr\u00e1ctica que debe desempe\u00f1ar cada trabajador en su funci\u00f3n correspondiente, se enfocan en desarrollar las competencias necesarias para hacer que los colaboradores hagan lo correcto para obtener el resultado buscado y establecido por su empresa. Los Cursos de Capacitaci\u00f3n est\u00e1n&hellip;","og_url":"https:\/\/tecdemexico.edu.mx\/?page_id=5624","og_site_name":"Tec de Mexico","article_modified_time":"2022-06-08T04:49:27+00:00","twitter_card":"summary_large_image","twitter_misc":{"Tiempo de lectura":"2 minutos"},"schema":{"@context":"https:\/\/schema.org","@graph":[{"@type":"WebSite","@id":"https:\/\/tecdemexico.edu.mx\/#website","url":"https:\/\/tecdemexico.edu.mx\/","name":"Tec de Mexico","description":"Colegio Tecnol\u00f3gico de M\u00e9xico","potentialAction":[{"@type":"SearchAction","target":{"@type":"EntryPoint","urlTemplate":"https:\/\/tecdemexico.edu.mx\/?s={search_term_string}"},"query-input":"required name=search_term_string"}],"inLanguage":"es"},{"@type":"WebPage","@id":"https:\/\/tecdemexico.edu.mx\/?page_id=5624#webpage","url":"https:\/\/tecdemexico.edu.mx\/?page_id=5624","name":"IDECI - Tec de Mexico","isPartOf":{"@id":"https:\/\/tecdemexico.edu.mx\/#website"},"datePublished":"2022-05-31T23:50:08+00:00","dateModified":"2022-06-08T04:49:27+00:00","breadcrumb":{"@id":"https:\/\/tecdemexico.edu.mx\/?page_id=5624#breadcrumb"},"inLanguage":"es","potentialAction":[{"@type":"ReadAction","target":["https:\/\/tecdemexico.edu.mx\/?page_id=5624"]}]},{"@type":"BreadcrumbList","@id":"https:\/\/tecdemexico.edu.mx\/?page_id=5624#breadcrumb","itemListElement":[{"@type":"ListItem","position":1,"name":"Portada","item":"https:\/\/tecdemexico.edu.mx\/"},{"@type":"ListItem","position":2,"name":"IDECI"}]}]}},"_links":{"self":[{"href":"https:\/\/tecdemexico.edu.mx\/index.php?rest_route=\/wp\/v2\/pages\/5624","targetHints":{"allow":["GET"]}}],"collection":[{"href":"https:\/\/tecdemexico.edu.mx\/index.php?rest_route=\/wp\/v2\/pages"}],"about":[{"href":"https:\/\/tecdemexico.edu.mx\/index.php?rest_route=\/wp\/v2\/types\/page"}],"author":[{"embeddable":true,"href":"https:\/\/tecdemexico.edu.mx\/index.php?rest_route=\/wp\/v2\/users\/1"}],"replies":[{"embeddable":true,"href":"https:\/\/tecdemexico.edu.mx\/index.php?rest_route=%2Fwp%2Fv2%2Fcomments&post=5624"}],"version-history":[{"count":7,"href":"https:\/\/tecdemexico.edu.mx\/index.php?rest_route=\/wp\/v2\/pages\/5624\/revisions"}],"predecessor-version":[{"id":6009,"href":"https:\/\/tecdemexico.edu.mx\/index.php?rest_route=\/wp\/v2\/pages\/5624\/revisions\/6009"}],"wp:attachment":[{"href":"https:\/\/tecdemexico.edu.mx\/index.php?rest_route=%2Fwp%2Fv2%2Fmedia&parent=5624"}],"curies":[{"name":"wp","href":"https:\/\/api.w.org\/{rel}","templated":true}]}}