{"id":5909,"date":"2022-06-06T18:07:11","date_gmt":"2022-06-07T00:07:11","guid":{"rendered":"https:\/\/dev.tecdemexico.edu.mx\/?page_id=5909"},"modified":"2022-07-01T20:09:21","modified_gmt":"2022-07-02T02:09:21","slug":"informatica-2","status":"publish","type":"page","link":"https:\/\/tecdemexico.edu.mx\/?page_id=5909","title":{"rendered":"INFORM\u00c1TICA"},"content":{"rendered":"<p>[vc_row type=\u00bbvc_default\u00bb][vc_column css=\u00bb.vc_custom_1498229431694{padding-bottom: 50px !important;}\u00bb]<div id=\"ultimate-heading-794269f0cd9a1f386\" class=\"uvc-heading ult-adjust-bottom-margin ultimate-heading-794269f0cd9a1f386 uvc-6422 \" data-hspacer=\"no_spacer\"  data-halign=\"left\" style=\"text-align:left\"><div class=\"uvc-heading-spacer no_spacer\" style=\"top\"><\/div><div class=\"uvc-main-heading ult-responsive\"  data-ultimate-target='.uvc-heading.ultimate-heading-794269f0cd9a1f386 h2'  data-responsive-json-new='{\"font-size\":\"desktop:26px;\",\"line-height\":\"desktop:32px;\"}' ><h2 style=\"font-weight:bold;margin-bottom:20px;\">BENEFICIOS DE LA LICENCIATURA EN INFORMATICA<\/h2><\/div><\/div>[vc_column_text]<\/p>\n<h2 class=\"p1\"><span style=\"color: #ffb536;\"><strong>A-RVOE-20080903<\/strong><\/span><\/h2>\n<p>El licenciado en inform\u00e1tica es un profesionista que cuenta con los conocimientos, habilidades y destrezas que les permiten detectar analizar, evaluar y proponer soluciones a trav\u00e9s de la tecnolog\u00eda de informaci\u00f3n para la optimizaci\u00f3n de los procesos organizacionales con la finalidad de coadyuvar a las empresas para que alcancen un nivel de clase mundial.[\/vc_column_text]<div id=\"ultimate-heading-577769f0cd9a1f3e8\" class=\"uvc-heading ult-adjust-bottom-margin ultimate-heading-577769f0cd9a1f3e8 uvc-8530 \" data-hspacer=\"no_spacer\"  data-halign=\"left\" style=\"text-align:left\"><div class=\"uvc-heading-spacer no_spacer\" style=\"top\"><\/div><div class=\"uvc-main-heading ult-responsive\"  data-ultimate-target='.uvc-heading.ultimate-heading-577769f0cd9a1f3e8 h2'  data-responsive-json-new='{\"font-size\":\"desktop:26px;\",\"line-height\":\"desktop:32px;\"}' ><h2 style=\"font-weight:bold;margin-bottom:20px;\">NUESTRA OFERTA<\/h2><\/div><\/div><div class=\"smile_icon_list_wrap ult_info_list_container ult-adjust-bottom-margin   vc_custom_1498230419199\"><ul class=\"smile_icon_list left hexagon\"><li class=\"icon_list_item\" style=\" font-size:60px;\"><div class=\"icon_list_icon\" data-animation=\"\" data-animation-delay=\"03\" style=\"font-size:20px;background:#ffb536;color:#ffffff;border-color:#ffb536;\"><i class=\"fas fa-book-reader\" ><\/i><\/div><div class=\"icon_description\" id=\"Info-list-wrap-1719\" style=\"font-size:20px;\"><h3 class=\"ult-responsive info-list-heading\"  data-ultimate-target='#Info-list-wrap-1719 h3'  data-responsive-json-new='{\"font-size\":\"desktop:16px;\",\"line-height\":\"desktop:22px;\"}'  style=\"font-family:&#039;Open Sans Condensed&#039;;font-weight:700;\">1. Aprender\u00e1s:<\/h3><div class=\"icon_description_text ult-responsive\"  data-ultimate-target='#Info-list-wrap-1719 .icon_description_text'  data-responsive-json-new='{\"font-size\":\"desktop:12px;\",\"line-height\":\"desktop:20px;\"}'  style=\"\"><p class=\"p1\">Resolver problemas de informaci\u00f3n de cualquier organizaci\u00f3n; Desarrollar y administrar sistemas inform\u00e1ticos; Crear y administrar de empresas y centros de investigaci\u00f3n inform\u00e1tica; Dise\u00f1o e instalaci\u00f3n de sistemas computacionales; Reconocer el marco legal relacionado con la inform\u00e1tica; Establecer mecanismos para mantener la seguridad y privacidad de la informaci\u00f3n; Aplicar la inform\u00e1tica dentro de un marco de \u00e9tica profesional; Investigar las tendencias e innovaciones sobre esta disciplina.<\/p>\n<\/div><\/div><div class=\"icon_list_connector\"  style=\"border-right-width: 1px;border-right-style: dashed;border-color: #ffb536;\"><\/div><\/li><li class=\"icon_list_item\" style=\" font-size:60px;\"><div class=\"icon_list_icon\" data-animation=\"\" data-animation-delay=\"03\" style=\"font-size:20px;background:#ffb536;color:#ffffff;border-color:#ffb536;\"><i class=\"fas fa-user-check\" ><\/i><\/div><div class=\"icon_description\" id=\"Info-list-wrap-2480\" style=\"font-size:20px;\"><h3 class=\"ult-responsive info-list-heading\"  data-ultimate-target='#Info-list-wrap-2480 h3'  data-responsive-json-new='{\"font-size\":\"desktop:16px;\",\"line-height\":\"desktop:22px;\"}'  style=\"font-family:&#039;Open Sans Condensed&#039;;font-weight:700;\">2. Actitudes:<\/h3><div class=\"icon_description_text ult-responsive\"  data-ultimate-target='#Info-list-wrap-2480 .icon_description_text'  data-responsive-json-new='{\"font-size\":\"desktop:12px;\",\"line-height\":\"desktop:20px;\"}'  style=\"\"><ul>\n<li class=\"p1\">De respeto y compromiso en el aspecto social, profesional y personal, ya que la \u00e9tica profesional es la norma que regula su desempe\u00f1o, y lo hace prevalecer ante cualquier circunstancia.<\/li>\n<li class=\"p1\">De responsabilidad para ejecutar obras materiales e intelectuales, a fin de construir eficazmente a la transformaci\u00f3n de la sociedad, en consonancia con las tendencias de progreso y justicia social que persigue nuestro pa\u00eds.<\/li>\n<li class=\"p1\">De servicio las relaciones laborales en una organizaci\u00f3n son implicaciones de servicio mutuo en tanto que coparticipan en la consecuci\u00f3n de los objetivos organizacionales.<\/li>\n<li class=\"p1\">De una persona consciente de la realidad socioecon\u00f3mica, pol\u00edtica y cultural, a fin de que pueda comprender y promover con dedicaci\u00f3n, prop\u00f3sitos colectivos m\u00e1s a la de los intereses personales.<\/li>\n<li class=\"p1\">De aprendizaje permanente se remarca la importancia de su actualizaci\u00f3n mediante el proceso de ense\u00f1anza- aprendizaje o la lectura constante de art\u00edculos y libros de reciente aparici\u00f3n para incorporarlos a su desempe\u00f1o. De responsabilidad. De an\u00e1lisis y reflexi\u00f3n. Propositiva en su desempe\u00f1o.<\/li>\n<\/ul>\n<\/div><\/div><div class=\"icon_list_connector\"  style=\"border-right-width: 1px;border-right-style: dashed;border-color: #ffb536;\"><\/div><\/li><\/ul><\/div>[vc_empty_space]<div id=\"ultimate-heading-163469f0cd9a1f6ed\" class=\"uvc-heading ult-adjust-bottom-margin ultimate-heading-163469f0cd9a1f6ed uvc-4630 \" data-hspacer=\"no_spacer\"  data-halign=\"left\" style=\"text-align:left\"><div class=\"uvc-heading-spacer no_spacer\" style=\"top\"><\/div><div class=\"uvc-main-heading ult-responsive\"  data-ultimate-target='.uvc-heading.ultimate-heading-163469f0cd9a1f6ed h2'  data-responsive-json-new='{\"font-size\":\"desktop:26px;\",\"line-height\":\"desktop:32px;\"}' ><h2 style=\"font-weight:bold;margin-bottom:20px;\">PERFIL DE EGRESADO<\/h2><\/div><\/div><div class=\"smile_icon_list_wrap ult_info_list_container ult-adjust-bottom-margin   vc_custom_1498230419199\"><ul class=\"smile_icon_list left hexagon\"><li class=\"icon_list_item\" style=\" font-size:60px;\"><div class=\"icon_list_icon\" data-animation=\"\" data-animation-delay=\"03\" style=\"font-size:20px;background:#ffb536;color:#ffffff;border-color:#ffb536;\"><i class=\"fas fa-lightbulb\" ><\/i><\/div><div class=\"icon_description\" id=\"Info-list-wrap-8023\" style=\"font-size:20px;\"><h3 class=\"ult-responsive info-list-heading\"  data-ultimate-target='#Info-list-wrap-8023 h3'  data-responsive-json-new='{\"font-size\":\"desktop:16px;\",\"line-height\":\"desktop:22px;\"}'  style=\"font-family:&#039;Open Sans Condensed&#039;;font-weight:700;\">1. Contar\u00e1 con conocimientos que le permitan:<\/h3><div class=\"icon_description_text ult-responsive\"  data-ultimate-target='#Info-list-wrap-8023 .icon_description_text'  data-responsive-json-new='{\"font-size\":\"desktop:12px;\",\"line-height\":\"desktop:20px;\"}'  style=\"\"><ul>\n<li>Resolver problemas de informaci\u00f3n de cualquier organizaci\u00f3n, haciendo uso de las herramientas inform\u00e1ticas que tenga a su alcance. Desarrollar y administrar sistemas inform\u00e1ticos.<\/li>\n<li>Participar en la creaci\u00f3n y administraci\u00f3n de empresas y centros de investigaci\u00f3n inform\u00e1tica.<\/li>\n<li>Administrar en forma integradora, los recursos inform\u00e1ticos de cualquier organizaci\u00f3n.<\/li>\n<li>Participar en el dise\u00f1o de la instalaci\u00f3n de sistemas computacionales y de comunicaciones.<\/li>\n<li>Reconocer el marco legal relacionado con la inform\u00e1tica.<\/li>\n<li>Establecer mecanismos para mantener la seguridad y privacidad de la informaci\u00f3n, proteger los recursos y coordinar las actividades de emergencia y recuperaci\u00f3n.<\/li>\n<li>Aplicar la inform\u00e1tica al servicio de la sociedad dentro de un marco de \u00e9tica profesional Investigar las tendencias e innovaciones que existen dentro del \u00e1mbito inform\u00e1tico, de tal forma que le permitan mantenerse actualizado.<\/li>\n<li>Trabajo en equipo.<\/li>\n<li>Cr\u00edtica racional.<\/li>\n<li>Pensamiento l\u00f3gico.<\/li>\n<li>Percibir, abstraer y modelar la realidad en t\u00e9rminos de informaci\u00f3n y conocimiento.<\/li>\n<li>Aplicar los conocimientos adquiridos en forma cr\u00edtica, en su ejercicio profesional.<\/li>\n<li>Operar sistemas de c\u00f3mputo y comunicaci\u00f3n para el procesamiento de la informaci\u00f3n y aplicar sus beneficios dentro de las relaciones comerciales dentro de los productores y consumidores.<\/li>\n<li>Desarrollar una actitud cr\u00edtica que les permita aplicar los conocimientos adquiridos para satisfacer necesidades sociales.<\/li>\n<li>Manejar adecuadamente la metodolog\u00eda de investigaci\u00f3n para realizar investigaci\u00f3n y fundamentar sus decisiones dentro de los organismos inform\u00e1ticos.<\/li>\n<li>Aplicar la capacidad de liderazgo y visi\u00f3n emprendedora dentro de su desarrollo laboral.<\/li>\n<li>Dominar un segundo idioma para mantenerse actualizado.<\/li>\n<\/ul>\n<\/div><\/div><div class=\"icon_list_connector\"  style=\"border-right-width: 1px;border-right-style: dashed;border-color: #ffb536;\"><\/div><\/li><li class=\"icon_list_item\" style=\" font-size:60px;\"><div class=\"icon_list_icon\" data-animation=\"\" data-animation-delay=\"03\" style=\"font-size:20px;background:#ffb536;color:#ffffff;border-color:#ffb536;\"><i class=\"fas fa-cogs\" ><\/i><\/div><div class=\"icon_description\" id=\"Info-list-wrap-1772\" style=\"font-size:20px;\"><h3 class=\"ult-responsive info-list-heading\"  data-ultimate-target='#Info-list-wrap-1772 h3'  data-responsive-json-new='{\"font-size\":\"desktop:16px;\",\"line-height\":\"desktop:22px;\"}'  style=\"font-family:&#039;Open Sans Condensed&#039;;font-weight:700;\">2. Contar\u00e1 con habilidades para:<\/h3><div class=\"icon_description_text ult-responsive\"  data-ultimate-target='#Info-list-wrap-1772 .icon_description_text'  data-responsive-json-new='{\"font-size\":\"desktop:12px;\",\"line-height\":\"desktop:20px;\"}'  style=\"\"><ul>\n<li>\n<p class=\"p1\">Toma de Decisiones.<\/p>\n<\/li>\n<li>\n<p class=\"p1\">Capacidad de Observaci\u00f3n y An\u00e1lisis.<\/p>\n<\/li>\n<li>\n<p class=\"p1\">Habilidad Num\u00e9rica.<\/p>\n<\/li>\n<li>\n<p class=\"p1\">Auto Aprendizaje.<\/p>\n<\/li>\n<li>\n<p class=\"p1\">Iniciativa.<\/p>\n<\/li>\n<li>\n<p class=\"p1\">Liderazgo.<\/p>\n<\/li>\n<li>\n<p class=\"p1\">Reflexi\u00f3n.<\/p>\n<\/li>\n<\/ul>\n<\/div><\/div><div class=\"icon_list_connector\"  style=\"border-right-width: 1px;border-right-style: dashed;border-color: #ffb536;\"><\/div><\/li><\/ul><\/div>[vc_empty_space]<div id=\"ultimate-heading-802269f0cd9a1f982\" class=\"uvc-heading ult-adjust-bottom-margin ultimate-heading-802269f0cd9a1f982 uvc-8771 \" data-hspacer=\"no_spacer\"  data-halign=\"left\" style=\"text-align:left\"><div class=\"uvc-heading-spacer no_spacer\" style=\"top\"><\/div><div class=\"uvc-main-heading ult-responsive\"  data-ultimate-target='.uvc-heading.ultimate-heading-802269f0cd9a1f982 h2'  data-responsive-json-new='{\"font-size\":\"desktop:26px;\",\"line-height\":\"desktop:32px;\"}' ><h2 style=\"font-weight:bold;margin-bottom:20px;\">CONOCE NUESTRO PLAN DE ESTUDIO<\/h2><\/div><\/div><div class=\"standard-number-list bullet-top\"><ul>\n<li><a href=\"https:\/\/tecdemexico.edu.mx\/wp-content\/uploads\/2022\/05\/INFORMATICA-SEP.pdf\" target=\"_blank\" rel=\"noopener\">Descarga formato PDF<\/a><\/li>\n<\/ul>\n<\/div>[\/vc_column][\/vc_row]<\/p>\n","protected":false},"excerpt":{"rendered":"<p>[vc_row type=\u00bbvc_default\u00bb][vc_column css=\u00bb.vc_custom_1498229431694{padding-bottom: 50px !important;}\u00bb][vc_column_text] A-RVOE-20080903 El licenciado en inform\u00e1tica es un profesionista que cuenta con los conocimientos, habilidades y destrezas que les permiten detectar analizar, evaluar y proponer soluciones a trav\u00e9s de la tecnolog\u00eda de informaci\u00f3n para la optimizaci\u00f3n de los procesos organizacionales con la finalidad de coadyuvar a las empresas para que alcancen&hellip;<\/p>\n","protected":false},"author":1,"featured_media":0,"parent":0,"menu_order":100,"comment_status":"closed","ping_status":"closed","template":"","meta":{"om_disable_all_campaigns":false,"_monsterinsights_skip_tracking":false,"_monsterinsights_sitenote_active":false,"_monsterinsights_sitenote_note":"","_monsterinsights_sitenote_category":0,"footnotes":""},"class_list":["post-5909","page","type-page","status-publish","hentry","description-off"],"yoast_head":"<!-- This site is optimized with the Yoast SEO plugin v19.1 - https:\/\/yoast.com\/wordpress\/plugins\/seo\/ -->\n<title>INFORM\u00c1TICA - Tec de Mexico<\/title>\n<meta name=\"robots\" content=\"index, follow, max-snippet:-1, max-image-preview:large, max-video-preview:-1\" \/>\n<link rel=\"canonical\" href=\"https:\/\/tecdemexico.edu.mx\/?page_id=5909\" \/>\n<meta property=\"og:locale\" content=\"es_ES\" \/>\n<meta property=\"og:type\" content=\"article\" \/>\n<meta property=\"og:title\" content=\"INFORM\u00c1TICA - Tec de Mexico\" \/>\n<meta property=\"og:description\" content=\"[vc_row type=\u00bbvc_default\u00bb][vc_column css=\u00bb.vc_custom_1498229431694{padding-bottom: 50px !important;}\u00bb][vc_column_text] A-RVOE-20080903 El licenciado en inform\u00e1tica es un profesionista que cuenta con los conocimientos, habilidades y destrezas que les permiten detectar analizar, evaluar y proponer soluciones a trav\u00e9s de la tecnolog\u00eda de informaci\u00f3n para la optimizaci\u00f3n de los procesos organizacionales con la finalidad de coadyuvar a las empresas para que alcancen&hellip;\" \/>\n<meta property=\"og:url\" content=\"https:\/\/tecdemexico.edu.mx\/?page_id=5909\" \/>\n<meta property=\"og:site_name\" content=\"Tec de Mexico\" \/>\n<meta property=\"article:modified_time\" content=\"2022-07-02T02:09:21+00:00\" \/>\n<meta name=\"twitter:card\" content=\"summary_large_image\" \/>\n<meta name=\"twitter:label1\" content=\"Tiempo de lectura\" \/>\n\t<meta name=\"twitter:data1\" content=\"3 minutos\" \/>\n<script type=\"application\/ld+json\" class=\"yoast-schema-graph\">{\"@context\":\"https:\/\/schema.org\",\"@graph\":[{\"@type\":\"WebSite\",\"@id\":\"https:\/\/tecdemexico.edu.mx\/#website\",\"url\":\"https:\/\/tecdemexico.edu.mx\/\",\"name\":\"Tec de Mexico\",\"description\":\"Colegio Tecnol\u00f3gico de M\u00e9xico\",\"potentialAction\":[{\"@type\":\"SearchAction\",\"target\":{\"@type\":\"EntryPoint\",\"urlTemplate\":\"https:\/\/tecdemexico.edu.mx\/?s={search_term_string}\"},\"query-input\":\"required name=search_term_string\"}],\"inLanguage\":\"es\"},{\"@type\":\"WebPage\",\"@id\":\"https:\/\/tecdemexico.edu.mx\/?page_id=5909#webpage\",\"url\":\"https:\/\/tecdemexico.edu.mx\/?page_id=5909\",\"name\":\"INFORM\u00c1TICA - Tec de Mexico\",\"isPartOf\":{\"@id\":\"https:\/\/tecdemexico.edu.mx\/#website\"},\"datePublished\":\"2022-06-07T00:07:11+00:00\",\"dateModified\":\"2022-07-02T02:09:21+00:00\",\"breadcrumb\":{\"@id\":\"https:\/\/tecdemexico.edu.mx\/?page_id=5909#breadcrumb\"},\"inLanguage\":\"es\",\"potentialAction\":[{\"@type\":\"ReadAction\",\"target\":[\"https:\/\/tecdemexico.edu.mx\/?page_id=5909\"]}]},{\"@type\":\"BreadcrumbList\",\"@id\":\"https:\/\/tecdemexico.edu.mx\/?page_id=5909#breadcrumb\",\"itemListElement\":[{\"@type\":\"ListItem\",\"position\":1,\"name\":\"Portada\",\"item\":\"https:\/\/tecdemexico.edu.mx\/\"},{\"@type\":\"ListItem\",\"position\":2,\"name\":\"INFORM\u00c1TICA\"}]}]}<\/script>\n<!-- \/ Yoast SEO plugin. -->","yoast_head_json":{"title":"INFORM\u00c1TICA - Tec de Mexico","robots":{"index":"index","follow":"follow","max-snippet":"max-snippet:-1","max-image-preview":"max-image-preview:large","max-video-preview":"max-video-preview:-1"},"canonical":"https:\/\/tecdemexico.edu.mx\/?page_id=5909","og_locale":"es_ES","og_type":"article","og_title":"INFORM\u00c1TICA - Tec de Mexico","og_description":"[vc_row type=\u00bbvc_default\u00bb][vc_column css=\u00bb.vc_custom_1498229431694{padding-bottom: 50px !important;}\u00bb][vc_column_text] A-RVOE-20080903 El licenciado en inform\u00e1tica es un profesionista que cuenta con los conocimientos, habilidades y destrezas que les permiten detectar analizar, evaluar y proponer soluciones a trav\u00e9s de la tecnolog\u00eda de informaci\u00f3n para la optimizaci\u00f3n de los procesos organizacionales con la finalidad de coadyuvar a las empresas para que alcancen&hellip;","og_url":"https:\/\/tecdemexico.edu.mx\/?page_id=5909","og_site_name":"Tec de Mexico","article_modified_time":"2022-07-02T02:09:21+00:00","twitter_card":"summary_large_image","twitter_misc":{"Tiempo de lectura":"3 minutos"},"schema":{"@context":"https:\/\/schema.org","@graph":[{"@type":"WebSite","@id":"https:\/\/tecdemexico.edu.mx\/#website","url":"https:\/\/tecdemexico.edu.mx\/","name":"Tec de Mexico","description":"Colegio Tecnol\u00f3gico de M\u00e9xico","potentialAction":[{"@type":"SearchAction","target":{"@type":"EntryPoint","urlTemplate":"https:\/\/tecdemexico.edu.mx\/?s={search_term_string}"},"query-input":"required name=search_term_string"}],"inLanguage":"es"},{"@type":"WebPage","@id":"https:\/\/tecdemexico.edu.mx\/?page_id=5909#webpage","url":"https:\/\/tecdemexico.edu.mx\/?page_id=5909","name":"INFORM\u00c1TICA - Tec de Mexico","isPartOf":{"@id":"https:\/\/tecdemexico.edu.mx\/#website"},"datePublished":"2022-06-07T00:07:11+00:00","dateModified":"2022-07-02T02:09:21+00:00","breadcrumb":{"@id":"https:\/\/tecdemexico.edu.mx\/?page_id=5909#breadcrumb"},"inLanguage":"es","potentialAction":[{"@type":"ReadAction","target":["https:\/\/tecdemexico.edu.mx\/?page_id=5909"]}]},{"@type":"BreadcrumbList","@id":"https:\/\/tecdemexico.edu.mx\/?page_id=5909#breadcrumb","itemListElement":[{"@type":"ListItem","position":1,"name":"Portada","item":"https:\/\/tecdemexico.edu.mx\/"},{"@type":"ListItem","position":2,"name":"INFORM\u00c1TICA"}]}]}},"_links":{"self":[{"href":"https:\/\/tecdemexico.edu.mx\/index.php?rest_route=\/wp\/v2\/pages\/5909","targetHints":{"allow":["GET"]}}],"collection":[{"href":"https:\/\/tecdemexico.edu.mx\/index.php?rest_route=\/wp\/v2\/pages"}],"about":[{"href":"https:\/\/tecdemexico.edu.mx\/index.php?rest_route=\/wp\/v2\/types\/page"}],"author":[{"embeddable":true,"href":"https:\/\/tecdemexico.edu.mx\/index.php?rest_route=\/wp\/v2\/users\/1"}],"replies":[{"embeddable":true,"href":"https:\/\/tecdemexico.edu.mx\/index.php?rest_route=%2Fwp%2Fv2%2Fcomments&post=5909"}],"version-history":[{"count":12,"href":"https:\/\/tecdemexico.edu.mx\/index.php?rest_route=\/wp\/v2\/pages\/5909\/revisions"}],"predecessor-version":[{"id":6145,"href":"https:\/\/tecdemexico.edu.mx\/index.php?rest_route=\/wp\/v2\/pages\/5909\/revisions\/6145"}],"wp:attachment":[{"href":"https:\/\/tecdemexico.edu.mx\/index.php?rest_route=%2Fwp%2Fv2%2Fmedia&parent=5909"}],"curies":[{"name":"wp","href":"https:\/\/api.w.org\/{rel}","templated":true}]}}